{"id":8,"date":"2014-10-07T17:31:13","date_gmt":"2014-10-07T20:31:13","guid":{"rendered":"http:\/\/www.albertoclaveriafoto.com.ar\/?page_id=8"},"modified":"2020-02-28T15:06:08","modified_gmt":"2020-02-28T18:06:08","slug":"about-me","status":"publish","type":"page","link":"https:\/\/www.albertoclaveriafoto.com.ar\/?page_id=8","title":{"rendered":"About me"},"content":{"rendered":"<p style=\"text-align: justify;\">En 1997 comenc\u00e9 mis primeros estudios de fotograf\u00eda y a desarrollar algo que cambi\u00f3 mi vida radicalmente, tener una visi\u00f3n diferente y muy particular de las cosas, sentir de otra manera y experimentar vivencias a nivel humano, como interactuar con gente de distintas culturas, escuchar sus historias y documentarlas fotogr\u00e1ficamente. Mi contacto con la naturaleza y sus paisajes me llevaron a desarrollar este tipo de fotograf\u00eda, recorriendo gran parte de la Rep\u00fablica Argentina.<\/p>\n<p style=\"text-align: justify;\">Gracias a esto he participado con pubicaciones en medios gr\u00e1ficos como <a class=\"highslide-number\" href=\"http:\/\/einestages.spiegel.de\/external\/ShowTopicAlbumBackgroundXXL\/a24764\/l0\/l0\/F.html#featuredEntry\" target=\"_blank\" rel=\"noopener noreferrer\">Der Spiegel de Alemania<\/a>, <a href=\"http:\/\/photography.nationalgeographic.com\/photography\/photo-of-the-day\/payunia-volcano-argentina\/\" target=\"_blank\" rel=\"noopener noreferrer\">National Geographic<\/a>, Editorial Planeta, diario La Naci\u00f3n de Argentina, Revista ALTA y ALTA Plus de Aerol\u00edneas Argentinas.<\/p>\n<p style=\"text-align: justify;\">Participaci\u00f3n en el libro <a class=\"highslide-number\" href=\"https:\/\/www.mitteldeutscherverlag.de\/kunst\/alle-titel-kunst\/die-welt-der-verlassenen-orteworlds-lost-places-detail\" target=\"_blank\" rel=\"noopener noreferrer\">\u00abWorld\u00b4s lost places\u00bb<\/a>\u00a0(2014), de la editora Mitteldeutsche Verlag, de Berl\u00edn, con una historia fotogr\u00e1fica sobre la ciudad sumergida de Epecu\u00e9n, con edici\u00f3n de 4.000 ejemplares y venta en Europa.<\/p>\n<p style=\"text-align: justify;\">En el \u00e1mbito acad\u00e9mico he dictado cursos, cl\u00ednicas y salidas fotogr\u00e1ficas netamente pr\u00e1cticas, porque pienso que si bien se deben tener los conceptos te\u00f3ricos b\u00e1sicos, el manejo de la c\u00e1mara y la pr\u00e1ctica es lo m\u00e1s importante en este arte.<\/p>\n<p style=\"text-align: justify;\">Adem\u00e1s de la fotograf\u00eda, otro campo en el que me desarrollo es la programaci\u00f3n y dise\u00f1o web para Argentina y Europa.<\/p>\n<p style=\"text-align: justify;\"><div class=\"colabs-sc-hr\"><\/div><\/p>\n<p style=\"text-align: justify;\">In 1997 I started my first photography studies and develop something that changed my life radically , have a different and very particular view of things , felt differently and experiment experiences at human level, like interact with people of different cultures, hear their stories and document them photographically. My contact with nature and landscapes led me to develop this type of photography, covering much of the Argentina Republic.<\/p>\n<p style=\"text-align: justify;\">Because of this, I have been involved with pubicaciones in print media as <a class=\"highslide-number\" href=\"http:\/\/einestages.spiegel.de\/external\/ShowTopicAlbumBackgroundXXL\/a24764\/l0\/l0\/F.html#featuredEntry\" target=\"_blank\" rel=\"noopener noreferrer\">Der Spiegel from Germany<\/a>,\u00a0<a href=\"http:\/\/photography.nationalgeographic.com\/photography\/photo-of-the-day\/payunia-volcano-argentina\/\" target=\"_blank\" rel=\"noopener noreferrer\">National Geographic<\/a>, Editorial Planeta, La Naci\u00f3n of Argentina, ALTA and ALTA Plus Magazine of Aerolineas Argentinas.<\/p>\n<p style=\"text-align: justify;\">Participation in the book <a class=\"highslide-number\" href=\"http:\/\/www.mitteldeutscherverlag.de\/index.php?page=shop.product_details&amp;flypage=flypage.tpl&amp;product_id=1178&amp;category_id=82&amp;option=com_virtuemart&amp;Itemid=1&amp;vmcchk=1\" target=\"_blank\" rel=\"noopener noreferrer\">\u00abWorld\u00b4s lost places\u00bb<\/a>, from the editor Mitteldeutsche Verlag, Berlin, with a photographic history of the underwater city of Epecu\u00e9n with editing and selling 4.000 copies in Europe.<\/p>\n<p style=\"text-align: justify;\">In education I have taught courses, clinics and practices purely photographic outings, because I think that, although you must have the basic theoretical concepts, but the operation of the camera and the practice is most important in this art.<\/p>\n<p style=\"text-align: justify;\">Besides photography , another area in which development is, programming and design web sites for Argentina and Europe.<\/p>\n","protected":false},"excerpt":{"rendered":"<p>En 1997 comenc\u00e9 mis primeros estudios de fotograf\u00eda y a desarrollar algo que cambi\u00f3 mi vida radicalmente, tener una visi\u00f3n diferente y muy particular de las cosas, sentir de otra manera y experimentar vivencias a nivel humano, como interactuar con gente de distintas culturas, escuchar [&hellip;]<\/p>\n","protected":false},"author":1,"featured_media":0,"parent":0,"menu_order":1,"comment_status":"closed","ping_status":"closed","template":"","meta":[],"_links":{"self":[{"href":"https:\/\/www.albertoclaveriafoto.com.ar\/index.php?rest_route=\/wp\/v2\/pages\/8"}],"collection":[{"href":"https:\/\/www.albertoclaveriafoto.com.ar\/index.php?rest_route=\/wp\/v2\/pages"}],"about":[{"href":"https:\/\/www.albertoclaveriafoto.com.ar\/index.php?rest_route=\/wp\/v2\/types\/page"}],"author":[{"embeddable":true,"href":"https:\/\/www.albertoclaveriafoto.com.ar\/index.php?rest_route=\/wp\/v2\/users\/1"}],"replies":[{"embeddable":true,"href":"https:\/\/www.albertoclaveriafoto.com.ar\/index.php?rest_route=%2Fwp%2Fv2%2Fcomments&post=8"}],"version-history":[{"count":11,"href":"https:\/\/www.albertoclaveriafoto.com.ar\/index.php?rest_route=\/wp\/v2\/pages\/8\/revisions"}],"predecessor-version":[{"id":338,"href":"https:\/\/www.albertoclaveriafoto.com.ar\/index.php?rest_route=\/wp\/v2\/pages\/8\/revisions\/338"}],"wp:attachment":[{"href":"https:\/\/www.albertoclaveriafoto.com.ar\/index.php?rest_route=%2Fwp%2Fv2%2Fmedia&parent=8"}],"curies":[{"name":"wp","href":"https:\/\/api.w.org\/{rel}","templated":true}]}}

<p style="text-align: justify;">En 1997 comencé mis primeros estudios de fotografía y a desarrollar algo que cambió mi vida radicalmente, tener una visión diferente y muy particular de las cosas, sentir de otra manera y experimentar vivencias a nivel humano, como interactuar con gente de distintas culturas, escuchar sus historias y documentarlas fotográficamente. Mi contacto con la naturaleza y sus paisajes me llevaron a desarrollar este tipo de fotografía, recorriendo gran parte de la República Argentina.</p>
<p style="text-align: justify;">Gracias a esto he participado con pubicaciones en medios gráficos como <a class="highslide-number" href="http://einestages.spiegel.de/external/ShowTopicAlbumBackgroundXXL/a24764/l0/l0/F.html#featuredEntry" target="_blank" rel="noopener noreferrer">Der Spiegel de Alemania</a>, <a href="http://photography.nationalgeographic.com/photography/photo-of-the-day/payunia-volcano-argentina/" target="_blank" rel="noopener noreferrer">National Geographic</a>, Editorial Planeta, diario La Nación de Argentina, Revista ALTA y ALTA Plus de Aerolíneas Argentinas.</p>
<p style="text-align: justify;">Participación en el libro <a class="highslide-number" href="https://www.mitteldeutscherverlag.de/kunst/alle-titel-kunst/die-welt-der-verlassenen-orteworlds-lost-places-detail" target="_blank" rel="noopener noreferrer">«World´s lost places»</a> (2014), de la editora Mitteldeutsche Verlag, de Berlín, con una historia fotográfica sobre la ciudad sumergida de Epecuén, con edición de 4.000 ejemplares y venta en Europa.</p>
<p style="text-align: justify;">En el ámbito académico he dictado cursos, clínicas y salidas fotográficas netamente prácticas, porque pienso que si bien se deben tener los conceptos teóricos básicos, el manejo de la cámara y la práctica es lo más importante en este arte.</p>
<p style="text-align: justify;">Además de la fotografía, otro campo en el que me desarrollo es la programación y diseño web para Argentina y Europa.</p>
<p style="text-align: justify;"><div class="colabs-sc-hr"></div></p>
<p style="text-align: justify;">In 1997 I started my first photography studies and develop something that changed my life radically , have a different and very particular view of things , felt differently and experiment experiences at human level, like interact with people of different cultures, hear their stories and document them photographically. My contact with nature and landscapes led me to develop this type of photography, covering much of the Argentina Republic.</p>
<p style="text-align: justify;">Because of this, I have been involved with pubicaciones in print media as <a class="highslide-number" href="http://einestages.spiegel.de/external/ShowTopicAlbumBackgroundXXL/a24764/l0/l0/F.html#featuredEntry" target="_blank" rel="noopener noreferrer">Der Spiegel from Germany</a>, <a href="http://photography.nationalgeographic.com/photography/photo-of-the-day/payunia-volcano-argentina/" target="_blank" rel="noopener noreferrer">National Geographic</a>, Editorial Planeta, La Nación of Argentina, ALTA and ALTA Plus Magazine of Aerolineas Argentinas.</p>
<p style="text-align: justify;">Participation in the book <a class="highslide-number" href="http://www.mitteldeutscherverlag.de/index.php?page=shop.product_details&amp;flypage=flypage.tpl&amp;product_id=1178&amp;category_id=82&amp;option=com_virtuemart&amp;Itemid=1&amp;vmcchk=1" target="_blank" rel="noopener noreferrer">«World´s lost places»</a>, from the editor Mitteldeutsche Verlag, Berlin, with a photographic history of the underwater city of Epecuén with editing and selling 4.000 copies in Europe.</p>
<p style="text-align: justify;">In education I have taught courses, clinics and practices purely photographic outings, because I think that, although you must have the basic theoretical concepts, but the operation of the camera and the practice is most important in this art.</p>
<p style="text-align: justify;">Besides photography , another area in which development is, programming and design web sites for Argentina and Europe.</p>

<p>En 1997 comencé mis primeros estudios de fotografía y a desarrollar algo que cambió mi vida radicalmente, tener una visión diferente y muy particular de las cosas, sentir de otra manera y experimentar vivencias a nivel humano, como interactuar con gente de distintas culturas, escuchar [&hellip;]</p>
